9 prime?
True
Is 2155 a composite number?
True
Is 8071753 a composite number?
True
Is 2357 a prime number?
True
Is 15959 a composite number?
False
Is 11371 a prime number?
False
Is 44731 prime?
False
Is 31699 prime?
True
Is 12143 prime?
True
Is 230539 a prime number?
True
Is 407614 composite?
True
Is 10133 composite?
False
Is 8633 a composite number?
True
Is 1073 a prime number?
False
Is 27509 a composite number?
False
Is 547226 prime?
False
Is 39085 prime?
False
Is 3331979 composite?
True
Is 2118335 a prime number?
False
Is 11311 a composite number?
False
Is 9689 a prime number?
True
Is 152771 a prime number?
False
Is 3589 composite?
True
Is 893587 a composite number?
True
Is 36247 a composite number?
True
Is 29483 composite?
False
Is 2411 composite?
False
Is 18397 a composite number?
False
Is 3271 prime?
True
Is 17617 a composite number?
True
Is 8923 a composite number?
False
Is 127187 composite?
True
Is 10039 composite?
False
Is 111563 composite?
True
Is 911 a composite number?
False
Is 16301 a composite number?
False
Is 5099 a composite number?
False
Is 18209 a composite number?
True
Is 263 a prime number?
True
Is 1327 a composite number?
False
Is 2741 composite?
False
Is 99074 prime?
False
Is 53267 a prime number?
True
Is 5437 a prime number?
True
Is 20177 prime?
True
Is 89347 a prime number?
False
Is 3431 a prime number?
False
Is 247873 a prime number?
True
Is 11989 a composite number?
True
Is 587485 a composite number?
True
Is 62273 a composite number?
False
Is 2933 a prime number?
False
Is 22961 a composite number?
False
Is 87163 a composite number?
True
Is 11249 a composite number?
True
Is 2443877 a prime number?
False
Is 2293 a composite number?
False
Is 631 prime?
True
Is 19027 a composite number?
True
Is 1705039 prime?
False
Is 2194297 prime?
False
Is 286859 a prime number?
True
Is 243013 a composite number?
True
Is 5513 composite?
True
Is 204101 prime?
True
Is 91673 a prime number?
True
Is 25923 a prime number?
False
Is 28321 prime?
False
Is 1027607 a prime number?
False
Is 15559 composite?
False
Is 202417 a composite number?
True
Is 8899 a prime number?
False
Is 213737 a composite number?
False
Is 22541 a prime number?
True
Is 116029 a composite number?
True
Is 274867 a prime number?
True
Is 4861 composite?
False
Is 26831 prime?
False
Is 116239 a composite number?
False
Is 594227 a composite number?
False
Is 499009 composite?
True
Is 177 a prime number?
False
Is 80998 composite?
True
Is 118571 prime?
True
Is 31883 prime?
True
Is 158029 composite?
False
Is 8741 composite?
False
Is 26339 composite?
False
Is 173347 composite?
False
Is 89617 a prime number?
False
Is 987761 a composite number?
True
Is 312251 prime?
True
Is 971753 prime?
True
Is 72493 a prime number?
True
Is 21377 composite?
False
Is 38109 composite?
True
Is 14437 a composite number?
False
Is 1969 composite?
True
Is 1074991 composite?
False
Is 69521 composite?
True
Is 90673 composite?
True
Is 7433 prime?
True
Is 37039 prime?
True
Is 261223 a prime number?
True
Is 153817 a composite number?
False
Is 89977 composite?
False
Is 46043 a prime number?
False
Is 2111 a prime number?
True
Is 107309 composite?
False
Is 11459 a prime number?
False
Is 2743 a prime number?
False
Is 1367323 a prime number?
True
Is 10943 prime?
False
Is 34097 a prime number?
False
Is 646721 a composite number?
False
Is 117617 composite?
False
Is 16519 prime?
True
Is 63507 composite?
True
Is 165311 a prime number?
True
Is 222047 composite?
True
Is 4637 a prime number?
True
Is 12359 prime?
False
Is 130127 a composite number?
False
Is 8129 a prime number?
False
Is 10357 composite?
False
Is 551027 a prime number?
True
Is 28789 a composite number?
False
Is 16769 composite?
True
Is 5171 composite?
False
Is 19889 a composite number?
False
Is 566851 a prime number?
True
Is 29717 composite?
False
Is 368939 composite?
False
Is 18539 a composite number?
False
Is 106409 prime?
False
Is 158533 a composite number?
True
Is 1018807 prime?
True
Is 211 composite?
False
Is 422817 prime?
False
Is 226691 prime?
True
Is 53017 a prime number?
True
Is 10037 a composite number?
False
Is 4341 composite?
True
Is 707 composite?
True
Is 511 a composite number?
True
Is 8128147 composite?
False
Is 10937 composite?
False
Is 5981 a prime number?
True
Is 109781 prime?
False
Is 1073 a prime number?
False
Is 30341 composite?
False
Is 4385 a composite number?
True
Is 143551 composite?
False
Is 28781 composite?
True
Is 171393 prime?
False
Is 39454 composite?
True
Is 289 a prime number?
False
Is 5808487 composite?
False
Is 182089 prime?
True
Is 74189 prime?
True
Is 14681 a composite number?
True
Is 117721 a prime number?
True
Is 85307 prime?
False
Is 1169 a prime number?
False
Is 22249 prime?
False
Is 13607 a composite number?
True
Is 48091 prime?
True
Is 377567 a composite number?
True
Is 204719 a prime number?
True
Is 34211 composite?
False
Is 181273 composite?
False
Is 174769 composite?
True
Is 5387 a prime number?
True
Is 22634 composite?
True
Is 103749 a prime number?
False
Is 102239 composite?
True
Is 553 prime?
False
Is 6089 prime?
True
Is 4367483 a prime number?
True
Is 22679 a prime number?
True
Is 389357 prime?
True
Is 8999 a prime number?
True
Is 867653 composite?
False
Is 2841 a prime number?
False
Is 23321 composite?
False
Is 28513 a prime number?
True
Is 2159 prime?
False
Is 42209 composite?
False
Is 44761 a prime number?
False
Is 61499 composite?
True
Is 2071213 prime?
True
Is 878 a composite number?
True
Is 144803 composite?
True
Is 30878 prime?
False
Is 824773 composite?
False
Is 536813 composite?
True
Is 22853 a composite number?
False
Is 235 prime?
False
Is 452953 composite?
False
Is 1523 a composite number?
False
Is 14143 a composite number?
False
Is 457414 a prime number?
False
Is 1597961 a composite number?
False
Is 523297 a composite number?
False
Is 2719 a prime number?
True
Is 14197 prime?
True
Is 6797 composite?
True
Is 23237 a prime number?
False
Is 2059 composite?
True
Is 12781 composite?
False
Is 18347 composite?
True
Is 54123 a composite number?
True
Is 211283 prime?
True
Is 1781 a composite number?
True
Is 1825211 composite?
True
Is 1364923 a composite number?
True
Is 28261 a prime number?
False
Is 931091 composite?
True
Is 26926 prime?
False
Is 768657 a prime number?
False
Is 120617 composite?
True
Is 260293 a composite number?
True
Is 27923 a prime number?
False
Is 63694 a composite number?
True
Is 391279 a prime number?
False
Is 26 composite?
True
Is 135427 composite?
False
Is 33559 a prime number?
False
Is 3761 prime?
True
Is 6673 composite?
False
Is 36229 a composite number?
False
Is 685 prime?
False
Is 65414 composite?
True
Is 118291 composite?
True
Is 240431 prime?
False
Is 430891 a prime number?
True
Is 183943 a prime number?
True
Is 13809 a prime number?
False
Is 112823 prime?
False
Is 381047 a prime number?
True
Is 5899 composite?
True
Is 16249 composite?
False
Is 449195 a composite number?
True
Is 2953 composite?
False
Is 78341 a prime number?
True
Is 437587 a composite number?
False
Is 7901 a prime number?
True
Is 1067831 a composite number?
False
Is 4595 prime?
False
Is 501911 prime?
True
Is 12667 composite?
True
Is 2687966 a composite number?
True
Is 42013 prime?
True
Is 1794561 composite?
True
Is 94753 a composite number?
True
Is 348679 a composite number?
True
Is 217489 a prime number?
True
Is 16463 prime?
False
Is 11147 a composite number?
True
Is 20429 a composite number?
True
Is 263837 prime?
False
Is 17417 a prime number?
True
Is 162343 a composite number?
False
Is 299809 prime?
False
Is 12898 a prime number?
False
Is 353713 a prime number?
False
Is 91 a prime number?
False
Is 39279 composite?
True
Is 10511 a prime number?
False
Is 10977 prime?
False
Is 7817 a prime number?
True
Is 69593 a composite number?
False
Is 147941 composite?
True
Is 951781 prime?
True
Is 1430479 composite?
False
Is 557717 composite?
False
Is 12367 a prime number?
False
Is 168317 composite?
True
Is 345067 composite?
False
Is 8605 a composite number?
True
Is 362719 a prime number?
False
Is 34807 a prime number?
True
Is 2876779 a composite number?
True
Is 523 prime?
True
Is 1286939 prime?
True
Is 116411 prime?
True
Is 216607 a prime number?
True
Is 1818919 composite?
False
Is 72869 a composite number?
False
Is 